7 a composite number?
False
Is 10604071 a prime number?
False
Is 8041303 composite?
False
Is 69757301 composite?
False
Is 16215011 prime?
False
Is 26884997 composite?
False
Is 4703789 a composite number?
False
Is 100232065 composite?
True
Is 142143 a composite number?
True
Is 89749759 a prime number?
False
Is 2920381 a prime number?
True
Is 12077717 a composite number?
True
Is 15191177 prime?
False
Is 8606101 composite?
True
Is 9966289 a prime number?
False
Is 35491 composite?
False
Is 171186511 a prime number?
True
Is 183617043 a composite number?
True
Is 4638889 composite?
True
Is 25798921 a prime number?
False
Is 8608823 composite?
False
Is 883303693 a prime number?
True
Is 58125203 a prime number?
True
Is 7092431 composite?
False
Is 17881417 a prime number?
True
Is 35271809 a prime number?
False
Is 1117199 a composite number?
False
Is 118156253 prime?
True
Is 17299871 prime?
True
Is 338839 prime?
True
Is 593441 a composite number?
True
Is 7455661 prime?
False
Is 268142977 composite?
False
Is 121969261 a composite number?
False
Is 15206267 a prime number?
True
Is 313247 a composite number?
True
Is 9786229 a composite number?
False
Is 53896433 a prime number?
True
Is 3422957 prime?
False
Is 70318159 prime?
True
Is 284881463 a composite number?
True
Is 6485387 composite?
False
Is 73355249 prime?
False
Is 30039353 a prime number?
False
Is 5617631 composite?
True
Is 191008289 prime?
True
Is 5534543 prime?
False
Is 296909 composite?
False
Is 97111 composite?
True
Is 9953533 a composite number?
False
Is 2578759 composite?
False
Is 43229273 a prime number?
False
Is 23230381 prime?
False
Is 1807006949 prime?
False
Is 1395169723 prime?
True
Is 147451721 a composite number?
False
Is 467927 composite?
False
Is 626797 prime?
True
Is 101484403 prime?
True
Is 12054761 prime?
True
Is 205084297 prime?
False
Is 117547189 a prime number?
True
Is 40097411 composite?
False
Is 2515979 a composite number?
True
Is 817224091 a composite number?
False
Is 81729191 composite?
False
Is 30791983 a composite number?
True
Is 43106803 composite?
False
Is 52889009 prime?
True
Is 6284951 composite?
True
Is 2484160447 composite?
False
Is 4862047 composite?
False
Is 24319047 a prime number?
False
Is 29318569 prime?
False
Is 37966087 composite?
True
Is 21175423 composite?
True
Is 15441113 composite?
True
Is 5587462 composite?
True
Is 116027381 a composite number?
False
Is 1295197 a prime number?
False
Is 3592747 a prime number?
True
Is 13207979 a composite number?
False
Is 376583419 prime?
False
Is 64274257 a composite number?
True
Is 4023401 a composite number?
False
Is 270556271 prime?
True
Is 706949519 composite?
False
Is 6546733 a composite number?
False
Is 3249307 a composite number?
True
Is 6298751 a prime number?
True
Is 60761787 composite?
True
Is 4621913 a composite number?
False
Is 1169741 composite?
False
Is 96847 prime?
True
Is 102128347 a prime number?
True
Is 71436449 a composite number?
True
Is 59336129 prime?
False
Is 395201929 prime?
False
Is 116021 a composite number?
True
Is 237232183 a prime number?
True
Is 266249 a prime number?
False
Is 11165411 composite?
False
Is 3186485 a prime number?
False
Is 887473069 prime?
False
Is 9056399 a composite number?
True
Is 1081354 prime?
False
Is 213434257 a composite number?
True
Is 5952673 prime?
True
Is 1664365 a composite number?
True
Is 61425523 a composite number?
True
Is 95700287 composite?
True
Is 129223631 composite?
False
Is 12559759 prime?
True
Is 109113791 prime?
True
Is 222679 composite?
False
Is 3919655 a composite number?
True
Is 40890929 a prime number?
True
Is 10998643 prime?
False
Is 155055389 a prime number?
True
Is 1059128531 prime?
True
Is 390463 prime?
True
Is 305952737 a prime number?
True
Is 3289229 a composite number?
False
Is 684049 a prime number?
False
Is 1342969 composite?
False
Is 7737857 prime?
False
Is 252378337 a prime number?
False
Is 1692091 prime?
True
Is 11626019 a prime number?
True
Is 58499501 a composite number?
True
Is 8574971 a composite number?
False
Is 836219 a prime number?
True
Is 10774801 a prime number?
False
Is 86906317 a prime number?
False
Is 3730141 a prime number?
True
Is 1818391 composite?
True
Is 273261607 composite?
False
Is 79318931 composite?
True
Is 128143 composite?
True
Is 585829 composite?
True
Is 47776381 a prime number?
True
Is 703037 a prime number?
False
Is 426967633 a composite number?
True
Is 405455331 a composite number?
True
Is 155931989 prime?
False
Is 51502703 composite?
True
Is 1004963 a prime number?
True
Is 2315759 composite?
False
Is 136426711 composite?
True
Is 3721789 composite?
True
Is 3409459 a composite number?
False
Is 43257241 composite?
True
Is 48270883 prime?
False
Is 466801 composite?
False
Is 10696451 a prime number?
False
Is 3242413 composite?
True
Is 167727437 composite?
False
Is 160001 prime?
True
Is 9992071 prime?
False
Is 40562651 prime?
True
Is 7135547 a prime number?
True
Is 291763 a composite number?
True
Is 26340569 prime?
True
Is 6697 a composite number?
True
Is 22339721 a prime number?
True
Is 40924757 a composite number?
False
Is 1274909 prime?
False
Is 1023767 a composite number?
True
Is 229594 a composite number?
True
Is 1029085 a prime number?
False
Is 147801233 composite?
False
Is 2729913 composite?
True
Is 25012137 prime?
False
Is 63421369 composite?
True
Is 47401801 a prime number?
False
Is 194933 composite?
False
Is 2898101 prime?
True
Is 16431133 a prime number?
False
Is 4880587 composite?
True
Is 84173183 composite?
False
Is 96263047 a prime number?
True
Is 6803026387 a prime number?
True
Is 3147751 composite?
False
Is 9273733 composite?
True
Is 10144865 prime?
False
Is 4667749 prime?
False
Is 43408333 composite?
True
Is 1232437369 prime?
False
Is 2887799 a composite number?
False
Is 1366087 a prime number?
True
Is 35232713 prime?
True
Is 128832871 a composite number?
False
Is 19865765 composite?
True
Is 29147399 a composite number?
False
Is 13578007 composite?
False
Is 104936431 a prime number?
True
Is 1206293 a composite number?
True
Is 445317473 prime?
True
Is 29402743 a composite number?
False
Is 7917923 prime?
False
Is 214159337 a composite number?
True
Is 6934451 a prime number?
False
Is 1200869 composite?
False
Is 741163 a composite number?
False
Is 1962161 a prime number?
True
Is 188087 a composite number?
True
Is 12753082 prime?
False
Is 127082 a composite number?
True
Is 57666689 a prime number?
True
Is 5387677 a prime number?
True
Is 12639257 a composite number?
False
Is 459421 composite?
False
Is 2665543 a prime number?
False
Is 3755779 a prime number?
True
Is 886271 a prime number?
True
Is 41739053 composite?
False
Is 3923123 composite?
True
Is 463029217 a prime number?
False
Is 9413707 a composite number?
False
Is 1959227 a composite number?
False
Is 9221617 composite?
False
Is 1103371 a prime number?
True
Is 37560601 prime?
False
Is 31046459 prime?
True
Is 9035027 composite?
False
Is 270605845 prime?
False
Is 516706141 a prime number?
False
Is 167950697 a composite number?
False
Is 414563749 a composite number?
False
Is 366697193 prime?
False
Is 123134813 composite?
False
Is 181412345 prime?
False
Is 1182329 a prime number?
False
Is 7807643 prime?
True
Is 106616857 a composite number?
True
Is 1361801 a composite number?
True
Is 9193069 composite?
False
Is 23275243 composite?
True
Is 17787089 a prime number?
False
Is 584515 a composite number?
True
Is 2080142 a composite number?
True
Is 21343601 a composite number?
False
Is 1174795 a composite number?
True
Is 3943477 a composite number?
True
Is 34376239 composite?
False
Is 4716793 a prime number?
True
Is 285749 a composite number?
False
Is 7110839 prime?
True
Is 1492499 composite?
False
Is 3601414 composite?
True
Is 50048233 composite?
False
Is 20410817 a composite number?
True
Is 32374403 a composite number?
False
Is 322127563 a composite number?
True
Is 6031093 composite?
True
Is 1096031 prime?
True
Is 317587 prime?
True
Is 8590837 composite?
False
Is 207011681 a composite number?
False
Is 133255039 composite?
False
Is 186527513 a prime number?
True
Is 411626387 a prime number?
False
Is 2688303 prime?
False
Is 18663893 a prime number?
True
Is 328225061 composite?
True
Is 3163345 a composite number?
True
Is 1058757523 a composite number?
False
